, -o - o + 12 = -4*i. Calculate the remainder when (6 - (-1 + 4)) + 8 is divided by ((-3)/i)/((-3)/(-8)).
3
Suppose -k = -2*x + 75, 4*k = -5*x + 2*k + 183. Let b = 39 + -20. Calculate the remainder when x is divided by b.
18
Let h = 37 + -24. Suppose 5*u - 64 = -2*w, -u - 4*u = 10. What is the remainder when w is divided by h?
11
Let l(f) = -2*f. Let u = -3 + 18. Calculate the remainder when u is divided by l(-4).
7
Suppose -n - 13 = 3. What is the remainder when 64 is divided by 3 - (-3 + n)/1?
20
Let f(w) = -14*w - 3. What is the remainder when 19 is divided by f(-1)?
8
Suppose q - 2*q - 4 = 0. Let f be 66/q*4/(-3). Let j = -16 + f. Calculate the remainder when 17 is divided by j.
5
Let g = 12 - -4. Let k = 40 - -7. Calculate the remainder when k is divided by g.
15
Suppose 4*t - 44 = -5*d, -4*d + 4*t + 4 + 24 = 0. What is the remainder when d/10*(-70)/(-4) is divided by 8?
6
Let y(s) = -s**3 - 5*s**2 - 4. Let r be y(-5). What is the remainder when 300/r*(-2)/3 is divided by 13?
11
Suppose 2*l - 6 = 0, -5*j + 697 = 4*l - 0*l. Calculate the remainder when j is divided by 23.
22
Suppose 0 = -2*x + 4*d + 2, -2 = x - 3*d. Calculate the remainder when 27 is divided by x.
6
Let q = -31 - -51. Suppose 3*d + d - q = 0. Suppose 2*k = 4*o + 42, 3*k - 3*o - 10 - 41 = 0. Calculate the remainder when k is divided by d.
3
Suppose 2*a - 4*r = -0*a + 24, -4*a + 12 = 4*r. Let p = 9 - a. Suppose 0*k - p*k + 66 = 0. Calculate the remainder when k is divided by 12.
10
Let a = -52 - -86. Suppose -3*q + 8 + a = 0. What is the remainder when q is divided by 2/2 + 4 + 0?
4
Suppose 4*j - 66 = 3*j. Let w = 93 - j. Let f = w + -16. Calculate the remainder when 31 is divided by f.
9
Suppose 6 = u - 13. Suppose -35 = -5*f - 2*l, -7*f + 4*l = -9*f + 14. Calculate the remainder when u is divided by f.
5
Let u(s) = -s**2 - 11*s - 6. What is the remainder when 56 is divided by u(-4)?
12
Let b(w) = w + 13. Let n be b(-9). Suppose 2*r - n = -r - 5*y, -2*y = -3*r + 11. Calculate the remainder when 8 is divided by r.
2
Suppose -4*s + 4*n + 100 = 0, 5*s - n = 57 + 76. Calculate the remainder when s is divided by 19.
8
Suppose 11 = 4*d - 29. Let y = 11 - -5. Let g = y - -13. What is the remainder when g is divided by d?
9
Let h(j) = -j**3 - 9*j**2 - 17*j + 12. Let n(u) = 20*u - 1. What is the remainder when n(2) is divided by h(-6)?
3
What is the remainder when 11 is divided by 35/5 + (1 - 1)?
4
Let k = -28 - -19. Let w(o) = 0*o**2 - 5 + 5*o + o**2 + 2. What is the remainder when w(k) is divided by 9?
6
Suppose 0 = 3*z - z. Suppose 5*d = -3*s + 45, -4*d - 15 = -s - z*s. Calculate the remainder when s is divided by 126/15 + (-4)/10.
7
Let d = 13 - 10. Calculate the remainder when 34 - d/((-3)/1) is divided by 12.
11
Suppose 2*g - 24 = -2*v - 2*g, 3*v = 2*g + 4. Calculate the remainder when 6 is divided by v.
2
Let k = 203 + -131. Calculate the remainder when k is divided by 27.
18
Let j(z) = -z**2 - 7*z + 1. Let i = 3 + 1. Let s = i - 9. Calculate the remainder when 31 is divided by j(s).
9
Suppose 3*f + f = -2*b - 2, 0 = b - 3. Let x be f/(-6) - (-22)/6. Suppose 0 = -0*n + x*n - 12. Calculate the remainder when 5 is divided by n.
2
Suppose 3*f + 22 + 32 = 4*d, f = -4*d + 46. Calculate the remainder when 35 is divided by d.
11
Let h(g) = 2*g - 22. Let q be h(11). Suppose m + 5*v - 1 = 0, 5*m + 3*v = -q*m + 27. What is the remainder when (7*2)/(2/3) is divided by m?
3
Let y(i) = -i**3 + 11*i**2 - 25*i - 4. Calculate the remainder when 32 is divided by y(7).
15
Suppose -4*d = -m, 2*m - 7 = -0*m + d. Suppose m*h - 272 = -40. Calculate the remainder when h is divided by 20.
18
Let b = -12 - -25. What is the remainder when b is divided by 8?
5
Let w = -3 + 12. Let o(h) = -h**3 + 9*h**2 - 3. Let p be o(w). What is the remainder when 1872/45 + p/5 is divided by 14?
13
Suppose 9 + 20 = p. Calculate the remainder when p is divided by 8.
5
What is the remainder when 3 is divided by (-6)/(-4) - 12/(-8)?
0
Suppose 8 = -u + 5*u. Let p be (1/u)/((-1)/(-60)). Suppose -3*j = -8*j + p. What is the remainder when j is divided by 4?
2
Suppose -3*s = -9, -2*s + 226 = -z + 6*z. Suppose -4*f + 3*t = -2*t - z, 55 = 5*f + 5*t. What is the remainder when 32 is divided by f?
10
Let a = -11 + 5. Let g = a + 11. What is the remainder when 9 is divided by g?
4
Suppose 14*m = -4*m + 1368. Calculate the remainder when m is divided by 16.
12
Let l(q) = -8*q**2 - q**3 + 3*q**2 + 3 + 0*q**2. Calculate the remainder when 11 is divided by l(-5).
2
Let g(r) be the first derivative of r**3/3 - 3*r**2/2 - 6*r + 1. Let j(p) = 2*p**2 - p + 1. Calculate the remainder when j(2) is divided by g(5).
3
Let g(i) = i**2 - 7*i + 3. Let k be (-4)/(-12) - 23/(-3). What is the remainder when (-14)/(-4)*(0 + 6) is divided by g(k)?
10
Let v(n) be the first derivative of n**3/3 - n**2 + 2*n + 1. Calculate the remainder when v(3) is divided by 2.
1
Suppose -k - 2 = -0. Let s be 1/(k/(-30)*3). Let w(t) = 8*t + 2. Calculate the remainder when w(s) is divided by 22.
20
Suppose 3*u = 12, -z + 8 = -5*u - 0. Let f = -25 + z. What is the remainder when 8 is divided by f?
2
Let h(w) = w**2 + 5*w - 7. Let x be h(-7). Suppose 2*k - x = -1. Suppose -2*r + 0*r = -k*s + 11, 13 = -s + 4*r. Calculate the remainder when 12 is divided by s.
5
Suppose -14 = -2*r - 2*s, 0 = -5*s - 27 + 2. Calculate the remainder when 20 is divided by r.
8
Let i be (8/(-5))/(4/(-10)). Suppose -2*o = -5*b - 98, 5*o - 60 = -i*b + 185. Let z = o + -33. Calculate the remainder when 61 is divided by z.
13
Calculate the remainder when 85 is divided by (44/(1 - 3))/(-1).
19
Let g = 13 + -8. Suppose -4*l = -5*l - 2*r - 5, -r = -g*l + 19. What is the remainder when l is divided by (-2)/(-6) - 10/(-6)?
1
Suppose 105 = 5*n + 15. Suppose -2*u - u = -n. Suppose 0 = -0*c - 2*c + u. What is the remainder when 7 is divided by c?
1
Suppose 2*a - 5 = 1. Suppose y = 3*r - 96, -y = a*r - 118 + 28. Let b = 311 - 295. Calculate the remainder when r is divided by b.
15
Let q = 24 + -5. What is the remainder when q is divided by -1*8 + 4 - -14?
9
Let v(r) = r**3 - 9*r**2 - 8*r - 9. Suppose 30 - 10 = -3*f + 5*b, -16 = -2*f - 4*b. Suppose -i + 1 + 3 = f. What is the remainder when v(10) is divided by i?
3
Let g(l) = l**2 - l - 6. Calculate the remainder when 41 is divided by g(5).
13
Let l(z) = 3*z - 11. Let d be l(10). Let s = -8 + d. Calculate the remainder when 20 is divided by s.
9
Let b = -9 + 15. Let c(h) = -2*h**2 + 4*h + 4. Let i be c(5). Let z = -10 - i. Calculate the remainder when z is divided by b.
4
Let k = -20 + 24. What is the remainder when 6 is divided by k?
2
Suppose 2*f = -3*s - 2*f + 42, -3*f - 28 = -2*s. Let x(g) = -5*g**2 - 4*g. Let j be x(3). Let t = 82 + j. What is the remainder when t is divided by s?
11
Let q(v) = 8*v**2 - v**3 - 6 - 3*v**3 - 8*v + 3*v**3. What is the remainder when q(6) is divided by 7?
4
Let p(d) be the third derivative of -7*d**6/60 + d**5/30 + d**4/24 - d**2. What is the remainder when p(-1) is divided by 6?
3
Let f = -25 + 35. Let r = f + -8. Let h(z) = z**2 - z + 2. Calculate the remainder when 15 is divided by h(r).
3
Suppose 5*b + d - 3 - 22 = 0, -2*b = 4*d + 8. Calculate the remainder when 21 is divided by b.
3
Calculate the remainder when -1 + -3 + (-9)/(-1) is divided by 4.
1
Let f = 19 + -11. Suppose -f*n = -6*n - 6. What is the remainder when n is divided by 1?
0
Calculate the remainder when (6/(-5))/((-6)/45) is divided by 5.
4
Let v(c) = -c + 18. Calculate the remainder when v(7) is divided by 6.
5
Suppose -4*k - k = -75. Let d(f) = f**3 - 12*f**2 - 13*f + 12. Let c be d(13). Suppose 0 = 2*u - c - 74. Calculate the remainder when u is divided by k.
13
Suppose 4*u = -0*g - 3*g + 72, 3*g - 72 = 3*u. Let n = g - 7. What is the remainder when n is divided by -1*(-4*1 - 1)?
2
Suppose -4*i + 79 = -25. Let m = 1 + 8. What is the remainder when i is divided by m?
8
Let h = 237 + -129. Calculate the remainder when h is divided by 19.
13
Suppose -3*x = 5*a + 14, 2*a - a = 3*x - 10. Calculate the remainder when 5 is divided by x.
1
Let s(p) = -2*p + 20. What is the remainder when 25 is divided by s(3)?
11
Let z = 36 + -26. What is the remainder when z is divided by 4?
2
Suppose 3*g - 15 = 2*f, -10 = 2*f + f - 2*g. Let x(q) = -q**2 + q + 5. Calcul